04604321?
7, 47, 925849
What are the prime factors of 447166487?
17, 59, 445829
What are the prime factors of 35151793?
35151793
What are the prime factors of 133939017?
3, 2857, 5209
What are the prime factors of 330723718?
2, 13, 223, 57041
What are the prime factors of 1782171185?
5, 356434237
List the prime factors of 450993948.
2, 3, 37582829
List the prime factors of 128459357.
13, 29, 127, 2683
List the prime factors of 1630670862.
2, 3, 3391, 80147
What are the prime factors of 234346635?
3, 5, 647, 2683
What are the prime factors of 1023005440?
2, 5, 799223
What are the prime factors of 53712575?
5, 7, 163, 269
What are the prime factors of 28467085?
5, 5693417
What are the prime factors of 98506990?
2, 5, 59, 199, 839
What are the prime factors of 241132059?
3, 7, 19, 829
List the prime factors of 547869534.
2, 3, 109, 837721
What are the prime factors of 259488680?
2, 5, 11, 17, 113, 307
What are the prime factors of 1192862243?
3391, 351773
List the prime factors of 3135580013.
19, 389, 424243
List the prime factors of 173134502.
2, 86567251
What are the prime factors of 778502286?
2, 3, 59, 244351
What are the prime factors of 3589672826?
2, 1794836413
List the prime factors of 1639535007.
3, 11, 673, 73823
List the prime factors of 48263706.
2, 3, 23, 116579
What are the prime factors of 615592036?
2, 153898009
List the prime factors of 77945761.
77945761
What are the prime factors of 943109831?
943109831
List the prime factors of 54781561.
23, 2381807
What are the prime factors of 1330501739?
7, 2699, 70423
What are the prime factors of 112263782?
2, 23, 2440517
What are the prime factors of 303488201?
303488201
List the prime factors of 1576750481.
21503, 73327
List the prime factors of 2184473763.
3, 83, 2924329
List the prime factors of 280494039.
3, 7, 23, 580733
List the prime factors of 557006667.
3, 7, 31, 122231
List the prime factors of 1472866706.
2, 17, 83, 521923
What are the prime factors of 149027904?
2, 3, 86243
What are the prime factors of 493753774?
2, 246876887
What are the prime factors of 250446614?
2, 11, 41, 277657
List the prime factors of 44802877.
7, 6400411
What are the prime factors of 191551856?
2, 11971991
What are the prime factors of 2313865088?
2, 43, 420397
What are the prime factors of 982318855?
5, 7, 31, 193, 4691
What are the prime factors of 31245910?
2, 5, 449, 6959
What are the prime factors of 74964656?
2, 13, 360407
List the prime factors of 24388142.
2, 23, 530177
What are the prime factors of 92500646?
2, 7, 71, 93059
What are the prime factors of 4096767994?
2, 11, 186216727
What are the prime factors of 6374089910?
2, 5, 637408991
List the prime factors of 180122840.
2, 5, 41, 109831
List the prime factors of 82267079.
82267079
What are the prime factors of 2324824614?
2, 3, 7, 29, 636241
List the prime factors of 2343767949.
3, 260418661
List the prime factors of 708867232.
2, 22152101
List the prime factors of 6270395.
5, 1254079
List the prime factors of 2738851210.
2, 5, 47, 5827343
List the prime factors of 990051019.
1511, 655229
List the prime factors of 5057662495.
5, 29, 1669, 20899
List the prime factors of 207035976.
2, 3, 7, 176051
List the prime factors of 33743478.
2, 3, 67, 83939
List the prime factors of 104730847.
13, 8056219
What are the prime factors of 320796536?
2, 67, 598501
What are the prime factors of 1432041680?
2, 5, 2297, 7793
List the prime factors of 40706403.
3, 823, 16487
List the prime factors of 385273.
7, 23, 2393
What are the prime factors of 1962413831?
7, 280344833
What are the prime factors of 10665110?
2, 5, 1066511
List the prime factors of 36420861.
3, 12140287
List the prime factors of 32120581.
23, 1396547
What are the prime factors of 77212567?
77212567
List the prime factors of 29802613.
41, 726893
List the prime factors of 7405935.
3, 5, 493729
List the prime factors of 106309186.
2, 29, 929, 1973
What are the prime factors of 762759680?
2, 5, 297953
List the prime factors of 1659604486.
2, 829802243
List the prime factors of 539872620.
2, 3, 5, 7, 1285411
List the prime factors of 1405681078.
2, 233, 3016483
What are the prime factors of 60426341?
60426341
What are the prime factors of 1436276894?
2, 13, 55241419
List the prime factors of 587302415.
5, 7, 71, 236339
What are the prime factors of 100789150?
2, 5, 7, 11, 47, 557
List the prime factors of 103270528.
2, 806801
What are the prime factors of 217279127?
13, 97, 172307
What are the prime factors of 398254968?
2, 3, 67, 9173
List the prime factors of 208983347.
613, 340919
List the prime factors of 175975176.
2, 3, 13, 191, 2953
What are the prime factors of 4681709112?
2, 3, 8467, 23039
List the prime factors of 1729685402.
2, 864842701
What are the prime factors of 75852191?
2053, 36947
What are the prime factors of 566582487?
3, 59, 139, 23029
List the prime factors of 18362860.
2, 5, 918143
What are the prime factors of 4686351665?
5, 17, 55133549
What are the prime factors of 6004133207?
6004133207
List the prime factors of 23208393.
3, 13, 595087
List the prime factors of 819795030.
2, 3, 5, 27326501
What are the prime factors of 51496232?
2, 19, 338791
List the prime factors of 82584021.
3, 13, 2117539
What are the prime factors of 555269041?
311, 1785431
List the prime factors of 675830350.
2, 5, 13, 73, 14243
What are the prime factors of 19538002?
2, 11, 888091
What are the prime factors of 1192932563?
9377, 127219
What are the prime factors of 35351361?
3, 3927929
What are the prime factors of 210822154?
2, 105411077
List the prime factors of 92434399.
37, 1051, 2377
List the prime factors of 5350958252.
2, 1337739563
What are the prime factors of 81759161?
11, 7432651
What are the prime factors of 385207062?
2, 3, 107, 600011
What are the prime factors of 896887?
79, 11353
What are the prime factors of 90598930?
2, 5, 41, 220973
What are the prime factors of 604012185?
3, 5, 7, 19, 43, 2347
What are the prime factors of 20988158?
2, 89, 117911
List the prime factors of 55065740.
2, 5, 2753287
What are the prime factors of 1142963047?
3023, 378089
What are the prime factors of 29057324?
2, 1181, 6151
What are the prime factors of 81655202?
2, 40827601
What are the prime factors of 78229446?
2, 3, 13038241
What are the prime factors of 1113903950?
2, 5, 79, 282001
What are the prime factors of 4852882465?
5, 9967, 97379
List the prime factors of 859868978.
2, 19, 22628131
What are the prime factors of 3108148339?
3108148339
List the prime factors of 19160083.
53, 361511
What are the prime factors of 38860112?
2, 31, 78347
What are the prime factors of 572213595?
3, 5, 19, 2007767
List the prime factors of 118008.
2, 3, 11, 149
What are the prime factors of 1818714013?
97, 18749629
List the prime factors of 2342118219.
3, 7, 431, 5281
What are the prime factors of 8378925?
3, 5, 47, 2377
List the prime factors of 2655267685.
5, 7, 75864791
What are the prime factors of 124285426?
2, 61, 1018733
What are the prime factors of 141422466?
2, 3, 23570411
What are the prime factors of 3459784397?
61, 503, 112759
What are the prime factors of 126053022?
2, 3, 21008837
What are the prime factors of 64934809?
3257, 19937
List the prime factors of 338393243.
338393243
List the prime factors of 667434621.
3, 7, 197, 161333
What are the prime factors of 328172788?
2, 19, 4318063
What are the prime factors of 1351708749?
3, 50063287
What are the prime factors of 13455499?
829, 16231
List the prime factors of 707596946.
2, 7, 7220377
List the prime factors of 1778608397.
53, 33558649
List the prime factors of 30282115.
5, 977, 6199
List the prime factors of 192409821.
3, 43, 241, 2063
What are the prime factors of 13609586?
2, 19, 43, 8329
List the prime factors of 1023352411.
127, 8057893
List the prime factors of 218570289.
3, 7, 751, 13859
List the prime factors of 1534480250.
2, 5, 1279, 4799
What are the prime factors of 2063136394?
2, 11, 19, 448703
List the prime factors of 248987918.
2, 281, 443039
What are the prime factors of 18129666?
2, 3, 3021611
List the prime factors of 2324052836.
2, 7, 2551, 32537
List the prime factors of 2913795047.
2913795047
List the prime factors of 113389700.
2, 5, 1133897
List the prime factors of 57254164.
2, 11, 17, 76543
What are the 